, what is 0 - -123333?
123333
In base 9, what is 284 - -4?
288
In base 11, what is 1034 + -3?
1031
In base 11, what is 1582 - 2?
1580
In base 6, what is 455 - 52?
403
In base 13, what is -29 - -2?
-27
In base 4, what is -21 - 1010?
-1031
In base 12, what is 126 + 8?
132
In base 14, what is -84 + 2?
-82
In base 7, what is 13 - 65?
-52
In base 5, what is 1043 - -3?
1101
In base 12, what is -b081 + -5?
-b086
In base 10, what is 2087 + -11?
2076
In base 10, what is -535 + 2?
-533
In base 16, what is -3d8e - -1?
-3d8d
In base 4, what is -121 - 3?
-130
In base 6, what is 1 - 31311?
-31310
In base 9, what is -81 - 0?
-81
In base 13, what is 9bb - -2?
9c0
In base 3, what is 102201102 + -11?
102201021
In base 8, what is 16 + -14?
2
In base 15, what is 19 + -4?
15
In base 5, what is -12302 + 0?
-12302
In base 12, what is -1158 + -5?
-1161
In base 3, what is 0 - 1001?
-1001
In base 8, what is 2 + 641?
643
In base 4, what is 0 - -1221?
1221
In base 4, what is 1231 - 10?
1221
In base 8, what is -13 - 23?
-36
In base 12, what is -2 + -138?
-13a
In base 14, what is -58b - 12?
-59d
In base 10, what is -2 - -114?
112
In base 14, what is -15 - -1?
-14
In base 8, what is 6 + -60?
-52
In base 9, what is -12 - 224?
-236
In base 2, what is 11 - 10010011?
-10010000
In base 11, what is 58 + 61?
109
In base 10, what is -4 + -5991?
-5995
In base 11, what is 5364 - 5?
535a
In base 14, what is -7 + -a1?
-a8
In base 5, what is 1 - 332?
-331
In base 9, what is -28 + 4?
-24
In base 3, what is 1020202 - 12?
1020120
In base 16, what is -12 + 0?
-12
In base 14, what is -d + 1?
-c
In base 9, what is 2 - 382?
-380
In base 7, what is -4 - -353?
346
In base 8, what is -226 + 13?
-213
In base 10, what is 3 - -441?
444
In base 7, what is -5 - 14?
-22
In base 3, what is 12102 + -101?
12001
In base 12, what is -4 - -34?
30
In base 8, what is -13362 + 2?
-13360
In base 11, what is -3 - -53?
50
In base 13, what is -cb - -3?
-c8
In base 16, what is -84a + 3?
-847
In base 7, what is 40 + -4?
33
In base 14, what is 7b + 10?
8b
In base 6, what is -4 + 1234?
1230
In base 8, what is 2 + 1405?
1407
In base 7, what is -411 - 6?
-420
In base 9, what is 21 + 13?
34
In base 16, what is -3 - 3f?
-42
In base 10, what is -1432 - -2?
-1430
In base 6, what is -554 + 11?
-543
In base 3, what is 2 + -102?
-100
In base 2, what is 100 - -1101?
10001
In base 3, what is -10 - 11101101?
-11101111
In base 3, what is 1211 + 20?
2001
In base 5, what is -1031 - -11?
-1020
In base 16, what is 8 + -a0?
-98
In base 7, what is 2306 - -3?
2312
In base 3, what is -222002211 - 10?
-222002221
In base 4, what is -212 - 2203?
-3021
In base 4, what is -1013 - -2?
-1011
In base 5, what is -341331 - 3?
-341334
In base 14, what is -16 - 20?
-36
In base 5, what is -10213 - 10?
-10223
In base 12, what is -5 - 12?
-17
In base 14, what is 1d + 15?
34
In base 14, what is -5 + -1ab?
-1b2
In base 15, what is 12 - d?
4
In base 15, what is 1226 - -2?
1228
In base 15, what is -10 - -ea?
da
In base 16, what is 393d + -1?
393c
In base 12, what is 117 - -5?
120
In base 5, what is 131 + 3422?
4103
In base 14, what is -2 + 427?
425
In base 2, what is 11111 - -101?
100100
In base 9, what is 1 + -304?
-303
In base 11, what is 733 - -3?
736
In base 4, what is -11102 + -1?
-11103
In base 15, what is 2 + -1dc?
-1da
In base 2, what is -11000101000 + 1?
-11000100111
In base 11, what is -9 + 2120?
2112
In base 11, what is -506 + 1a?
-497
In base 14, what is -40 + -71?
-b1
In base 4, what is -12 + 212?
200
In base 6, what is -243 + 23?
-220
In base 3, what is -11 - -11000010?
10222222
In base 16, what is -1ed3 + 3?
-1ed0
In base 15, what is 68e - 4?
68a
In base 10, what is 1 + 236?
237
In base 3, what is -10 - 111221?
-112001
In base 2, what is 100101001 + 10?
100101011
In base 3, what is 201 + 201?
1102
In base 16, what is 7 + -1c?
-15
In base 4, what is 20 - -232?
312
In base 11, what is -3 + 613?
610
In base 6, what is -4 + 1111?
1103
In base 13, what is 5 - -101?
106
In base 16, what is 72 + -6?
6c
In base 6, what is 2001 + 10?
2011
In base 7, what is 4 - -1656?
1663
In base 16, what is 5 + -d?
-8
In base 16, what is -1521 + -4?
-1525
In base 15, what is -dd5 + 1?
-dd4
In base 12, what is -59 - -3?
-56
In base 11, what is 0 + -112?
-112
In base 15, what is 13ed - -1?
13ee
In base 2, what is -1110111 + -1?
-1111000
In base 16, what is -325c + -4?
-3260
In base 3, what is -11100100 - 2?
-11100102
In base 9, what is 0 - 110?
-110
In base 14, what is -2c1b + -4?
-2c21
In base 6, what is -3 + 223?
220
In base 7, what is 22 - 424?
-402
In base 10, what is -137 + 30?
-107
In base 4, what is 30102 + -11?
30031
In base 3, what is -1212 - 20?
-2002
In base 16, what is 228 + -4?
224
In base 3, what is -100112000 - 2?
-100112002
In base 4, what is 102 + 3212?
3320
In base 8, what is -5 + 2007?
2002
In base 10, what is 23 + -4?
19
In base 2, what is 1000110111 + 1?
1000111000
In base 11, what is -46 + 0?
-46
In base 5, what is 310 - -1?
311
In base 3, what is 10220 - 2?
10211
In base 4, what is 3 - -1102?
1111
In base 13, what is -7a + 2?
-78
In base 4, what is -201 + 10?
-131
In base 3, what is 1 + -10221?
-10220
In base 7, what is -2510 - 2?
-2512
In base 16, what is -26af + 5?
-26aa
In base 13, what is 4 - -a1?
a5
In base 11, what is -63 - -25?
-39
In base 2, what is 1011 + 1001000101?
1001010000
In base 14, what is -1 - -d9?
d8
In base 8, what is 5 - 304?
-277
In base 6, what is 1010 - -1?
1011
In base 4, what is 2 - 2030?
-2022
In base 4, what is -12102 - -211?
-11231
In base 11, what is 4 + -58?
-54
In base 13, what is -3 - 11?
-14
In base 7, what is 6 - 414?
-405
In base 10, what is -7239 - 3?
-7242
In base 4, what is -2 + -113?
-121
In base 11, what is 48 - 1?
47
In base 2, what is -101 - -1100?
111
In base 12, what is -1 + 70?
6b
In base 11, what is 4 + 89?
92
In base 10, what is -40 - -12?
-28
In base 6, what is -4 - -14?
10
In base 8, what is 12 + 67?
101
In base 15, what is 1b0 + -1a?
195
In base 4, what is 10203 + -10?
10133
In base 15, what is 2 + -cd?
-cb
In base 4, what is 2312 + 13?
2331
In base 6, what is -3 - -142?
135
In base 10, what is 106 - 0?
106
In base 12, what is 2 - -73?
75
In base 10, what is 2 + 37?
39
In base 2, what is 10101011011 + 100?
10101011111
In base 5, what is -11 - 4340?
-4401
In base 2, what is -100000111 - 101?
-100001100
In base 12, what is 34 + 5?
39
In base 7, what is 3 - -14?
20
In base 10, what is 0 - -316?
316
In base 8, what is -4454 + 4?
-4450
In base 4, what is 330 - 20?
310
In base 6, what is 24 - -342?
410
In base 2, what is 10000 + 110101?
1000101
In base 16, what is 56 + 3?
59
In base 7, what is 104 + 15?
122
In base 15, what is -59 + 7?
-52
In base 10, what is -3 + -36?
-39
In base 15, what is 4 + -11?
-c
In base 6, what is 145 - 2?
143
In base 7, what is 2 - 3141?
-3136
In base 7, what is -3 + 222?
216
In base 12, what is -2 - 5?
-7
In base 14, what is -7 + -593?
-59a
In base 14, what is 0 - -bb?
bb
In base 12, what is 4 - 188?
-184
In base 12, what is 104 - -4?
108
In base 6, what is -2 - 2250?
-2252
In base 16, what is -1 + -1e8?
-1e9
In base 11, what is -9a3 + -2?
-9a5
In base 13, what is -1ab - 2?
-1b0
In base 10, what is 57 - -164?
221
In base 14, what is 36 + -3?
33
In base 10, what is 1630 - -1?
1631
In base 4, what is 22 - -23?
111
In base 5, what is -14 - -123140?
123121
In base 12, what is 869 - 1?
868
In base 16, what is 20 + -16?
a
In base 13, what is 2 - 968?
-966
In base 7, what is -5544 + 2?
-5542
In base 8, what is -4 - 11077?
-11103
In base 2, what is -10 - -100011100?
100011010
In base 10, what is 10316 - -1?
10317
In base 7, what is 4 - -10?
14
In base 14, what is -2 + -265?
-267
In base 10, what is -1 + 37?
36
In base 11, what is 5765a - -4?
57663
In base 13, what is -801 + c?
-7c2
In base 13, what is a1 + -1?
a0
In base 15, what is 5 + -15b?
-156
In base 11, what is -9 + 27a?
271
In base 10, what is -5 + -152?
-157
In base 3, what is 12 + -11021?
-11002
In base 5, what is 11 + -1432?
-1421
In base 12, what is -56 - -20?
-36
In base 7, what is 5 + -150?
-142
In base 14, what is 1d - 2b8?
-299
In base 15, what is -e + -15b?
-16a
In base 4, what is 3 - 1120?
-1111
In base 4, what is -320 + -110?
-1030
In base 2, what is 10 - -11111?
100001
In base 16, what is 0 - 3?
-3
In base 15